
False
Does 140 divide 933940?
True
Is 150299 a multiple of 78?
False
Is 2 a factor of 5523?
False
Does 160 divide 11386071?
False
Does 27 divide 934740?
True
Does 76 divide 306204?
True
Is 15 a factor of 3277500?
True
Is 1402785 a multiple of 9?
True
Is 1206018 a multiple of 18?
True
Is 528490 a multiple of 11?
False
Does 6 divide 640968?
True
Is 254380 a multiple of 395?
True
Does 25 divide 303350?
True
Does 7 divide 36148?
True
Is 35 a factor of 8295?
True
Is 85 a factor of 8415?
True
Is 1157834 a multiple of 113?
False
Is 692016 a multiple of 70?
False
Does 222 divide 1776?
True
Is 543295 a multiple of 965?
True
Does 480 divide 2247074?
False
Does 21 divide 61026?
True
Is 161000 a multiple of 8?
True
Is 518 a factor of 7286637?
False
Is 11 a factor of 25932?
False
Is 130 a factor of 1021369?
False
Does 202 divide 343602?
True
Does 584 divide 11352269?
False
Does 471 divide 206614?
False
Is 13661617 a multiple of 86?
False
Is 1573228 a multiple of 541?
True
Is 5 a factor of 8176195?
True
Is 171310 a multiple of 10?
True
Does 27 divide 32184?
True
Is 293 a factor of 716739?
False
Is 243 a factor of 1661510?
False
Is 20 a factor of 193490?
False
Is 1208512 a multiple of 736?
True
Does 15 divide 198066?
False
Does 43 divide 1325146?
False
Is 76 a factor of 1081451?
False
Does 492 divide 510020?
False
Is 3134703 a multiple of 143?
True
Is 164594 a multiple of 25?
False
Is 8118470 a multiple of 549?
False
Is 3232122 a multiple of 62?
True
Is 634620 a multiple of 140?
True
Is 1230000 a multiple of 20?
True
Does 74 divide 351574?
True
Does 225 divide 2093625?
True
Is 263 a factor of 25271407?
True
Is 61056 a multiple of 47?
False
Does 669 divide 437526?
True
Does 54 divide 120150?
True
Does 8 divide 446699?
False
Is 6896733 a multiple of 149?
False
Is 538 a factor of 1056675?
False
Is 956 a multiple of 5?
False
Does 125 divide 725500?
True
Does 335 divide 767807?
False
Does 22 divide 4253436?
True
Is 23 a factor of 382256?
False
Is 60 a factor of 144218?
False
Is 13 a factor of 540878?
True
Is 4545970 a multiple of 605?
True
Is 776568 a multiple of 262?
True
Does 57 divide 388170?
True
Does 19 divide 2304890?
True
Is 52 a factor of 21754?
False
Does 50 divide 722325?
False
Does 43 divide 57706?
True
Does 9 divide 125226?
True
Is 6 a factor of 659258?
False
Is 39 a factor of 590772?
True
Does 25 divide 3147325?
True
Does 2 divide 642075?
False
Is 121 a factor of 101399?
False
Is 81 a factor of 138585?
False
Is 2408953 a multiple of 16?
False
Is 2 a factor of 30950?
True
Does 2249 divide 3901155?
False
Is 3110728 a multiple of 89?
True
Is 132037 a multiple of 303?
False
Is 924293 a multiple of 17?
False
Is 160530 a multiple of 25?
False
Is 208 a factor of 2223869?
False
Is 95 a factor of 1022225?
False
Is 11 a factor of 10932013?
False
Is 33119 a multiple of 124?
False
Does 39 divide 132483?
True
Is 346837 a multiple of 390?
False
Is 5 a factor of 315210?
True
Does 542 divide 131164?
True
Does 28 divide 4424?
True
Is 18561 a multiple of 13?
False
Does 436 divide 12879600?
False
Is 49 a factor of 573937?
True
Is 22 a factor of 534185?
False
Is 19 a factor of 2457576?
False
Is 7013446 a multiple of 21?
False
Does 491 divide 1882003?
True
Is 4248952 a multiple of 929?
False
Is 175 a factor of 1918000?
True
Is 326 a factor of 635078?
False
Is 154 a factor of 108570?
True
Does 2 divide 254183?
False
Is 8 a factor of 12178?
False
Is 1165083 a multiple of 836?
False
Does 82 divide 2126670?
True
Is 406980 a multiple of 476?
True
Is 49662 a multiple of 6?
True
Does 47 divide 69824?
False
Is 232392 a multiple of 260?
False
Is 2 a factor of 1214?
True
Is 1320 a multiple of 132?
True
Is 335 a factor of 264315?
True
Is 29 a factor of 490245?
True
Is 4167666 a multiple of 683?
True
Is 1851112 a multiple of 568?
True
Is 207 a factor of 5778?
False
Does 65 divide 66?
False
Does 30 divide 502470?
True
Does 17 divide 203062?
False
Is 410703 a multiple of 8?
False
Does 17 divide 158453?
False
Does 9 divide 50065?
False
Does 18 divide 163739?
False
Is 2912130 a multiple of 758?
False
Does 12 divide 307296?
True
Is 2796244 a multiple of 103?
True
Is 149280 a multiple of 20?
True
Is 304381 a multiple of 77?
True
Is 641 a factor of 13880214?
True
Does 5 divide 110596?
False
Does 36 divide 28652?
False
Does 125 divide 2923125?
True
Is 47448 a multiple of 9?
True
Is 5 a factor of 63241?
False
Is 239633 a multiple of 9?
False
Does 2451 divide 26902176?
True
Is 1684147 a multiple of 2292?
False
Does 273 divide 13185287?
False
Is 10 a factor of 90460?
True
Does 16 divide 18464?
True
Does 216 divide 36720?
True
Is 529472 a multiple of 52?
False
Is 569406 a multiple of 13?
False
Is 7 a factor of 990704?
False
Is 47 a factor of 3541497?
True
Does 347 divide 1147529?
True
Is 16545692 a multiple of 334?
True
Is 4 a factor of 4034852?
True
Is 4412 a multiple of 59?
False
Is 119 a factor of 641172?
True
Is 108495 a multiple of 100?
False
Is 1324915 a multiple of 41?
True
Does 2 divide 126609?
False
Does 91 divide 21755?
False
Is 36236564 a multiple of 13?
True
Does 135 divide 1031805?
True
Is 1047 a factor of 2723621?
False
Is 219390 a multiple of 1065?
True
Does 7 divide 29960?
True
Does 16 divide 279537?
False
Is 200 a factor of 2853116?
False
Does 122 divide 203740?
True
Is 160812 a multiple of 29?
False
Is 114 a factor of 3870790?
False
Does 87 divide 32538?
True
Is 3157399 a multiple of 19?
False
Is 977245 a multiple of 82?
False
Does 38 divide 3053718?
True
Is 159 a factor of 489347?
False
Is 4 a factor of 68920?
True
Is 292 a factor of 3448126?
False
Is 20 a factor of 422883?
False
Does 508 divide 24610?
False
Does 36 divide 89157?
False
Is 62 a factor of 986021?
False
Is 4 a factor of 159867?
False
Is 2516811 a multiple of 19?
False
Does 17 divide 10889204?
False
Is 151929 a multiple of 35?
False
Is 121 a factor of 306493?
True
Is 12 a factor of 397332?
True
Is 2180 a factor of 16768429?
False
Is 148148 a multiple of 11?
True
Does 23 divide 499071?
False
Is 173432 a multiple of 266?
True
Does 256 divide 1568055?
False
Is 674304 a multiple of 86?
False
Is 23 a factor of 712172?
True
Is 4226556 a multiple of 86?
True
Does 26 divide 70850?
True
Is 1700 a factor of 11486624?
False
Is 861690 a multiple of 10?
True
Does 29 divide 5923395?
True
Is 90 a factor of 4512467?
False
Does 52 divide 193740?
False
Does 2 divide 179638?
True
Is 1183 a factor of 6543053?
False
Does 8 divide 209608?
True
Is 36 a factor of 12096?
True
Is 110 a factor of 16641730?
False
Is 11548 a multiple of 10?
False
Is 150091 a multiple of 160?
False
Is 8736 a multiple of 7?
True
Is 20 a factor of 9769660?
True
Is 130 a factor of 2045420?
True
Is 54 a factor of 4603932?
True
Is 3326796 a multiple of 44?
True
Does 69 divide 2070276?
True
Does 120 divide 2928360?
True
Is 14 a factor of 578130?
True
Is 646827 a multiple of 706?
False
Does 33 divide 206625?
False
Does 215 divide 234120?
False
Does 8 divide 10528?
True
Is 97 a factor of 47724?
True
Is 816981 a multiple of 78?
False
Is 503 a factor of 3636187?
True
Does 37 divide 140205?
False
Does 9 divide 479063?
False
Is 2713248 a multiple of 36?
True
Is 2304804 a multiple of 116?
True
Does 3 divide 332145?
True
Does 17 divide 114970?
False
Is 573451 a multiple of 13?
False
Is 98 a factor of 1483235?
False
Is 962901 a multiple of 9?
True
Is 347 a factor of 4506145?
False
Is 2085844 a multiple of 172?
True
Is 56280 a multiple of 21?
True
Is 493972 a multiple of 39?
False
Is 525942 a multiple of 67?
False
Is 7 a factor of 18464?
False
Does 8 divide 4627956?
False
Does 32 divide 2158100?
False
Is 418600 a multiple of 350?
True
Is 338523 a multiple of 57?
True
Does 44 divide 302192?
True
Does 231 divide 2119463?
False
Is 3162144 a multiple of 115?
False
Is 252813 a multiple of 1056?
False
Is 708 a factor of 676140?
True
Is 577068 a multiple of 479?
False
Is 12 a factor of 136556?
False
Is 198238 a multiple of 24?
False
Is 53 a factor of 74253?
True
Does 34 divide 1067017?
False
Does 656 divide 485929?
False
Is 483189 a multiple of 419?
False
Is 101800 a multiple of 20?
True
Is 20 a factor of 76700?
True
Is 1103362 a multiple of 737?
False
Is 96 a factor of 346080?
True
Is 161060 a multiple of 10?
True
Is 73 a factor of 45913?
False
Is 102410 a multiple of 154?
T